
False
Is 46646086 a multiple of 389?
False
Is 144 a factor of 505889280?
True
Does 737 divide 567602761?
True
Does 137 divide 8837048?
True
Is 110828033 a multiple of 2330?
False
Is 1491174027 a multiple of 151?
False
Is 116 a factor of 1204771708?
True
Does 19 divide 426022599?
False
Is 892078897 a multiple of 14?
False
Does 343 divide 44784481?
True
Is 5783 a factor of 2515813188?
True
Does 11 divide 48115606?
True
Is 6667083496 a multiple of 2238?
False
Is 16 a factor of 61916268?
False
Is 254875745 a multiple of 97?
True
Is 37 a factor of 1430834326?
True
Is 67725000 a multiple of 210?
True
Does 24 divide 2340684108?
False
Is 508 a factor of 1908520969?
False
Does 197 divide 9344892?
True
Is 143 a factor of 3991396?
False
Is 616007185 a multiple of 94?
False
Is 1816 a factor of 80087416?
True
Is 8 a factor of 7725710?
False
Is 151637296 a multiple of 138?
False
Does 63 divide 64688652?
True
Does 802 divide 2563545682?
True
Does 13 divide 674917412?
True
Does 130 divide 6770315?
False
Is 574 a factor of 455242852?
False
Is 12711735 a multiple of 100?
False
Does 217 divide 218243479?
False
Does 533 divide 1147965390?
False
Is 15 a factor of 121807005?
True
Does 524 divide 162009213?
False
Is 7 a factor of 1056504?
False
Is 33173136 a multiple of 48?
True
Does 21 divide 513818?
False
Is 627 a factor of 1308792903?
True
Does 4 divide 83385800?
True
Is 18832974 a multiple of 8?
False
Does 296 divide 151805376?
True
Is 233 a factor of 396251487?
False
Does 171 divide 42909166?
False
Is 4 a factor of 51809843?
False
Does 473 divide 14040532?
True
Is 330 a factor of 1369992929?
False
Is 6488424 a multiple of 6?
True
Is 2521831389 a multiple of 5313?
True
Is 252 a factor of 596988?
True
Is 160 a factor of 749469949?
False
Is 18538062 a multiple of 70?
False
Does 14 divide 4738636?
True
Does 166 divide 400726988?
True
Is 2547246232 a multiple of 12826?
False
Does 8 divide 200185045?
False
Does 13 divide 5896423?
True
Is 7 a factor of 45726857?
False
Does 118 divide 17593092?
True
Is 157696823 a multiple of 159?
False
Is 3655 a factor of 143366168?
False
Is 186 a factor of 14848380?
True
Does 57 divide 6910509?
True
Is 13699097 a multiple of 8?
False
Is 36034931 a multiple of 263?
False
Is 48403727 a multiple of 35?
False
Does 3 divide 104449637?
False
Is 410 a factor of 45301310?
True
Does 32 divide 2021616175?
False
Does 844 divide 68253436?
True
Is 780095490 a multiple of 17?
True
Does 27 divide 32871231?
True
Is 2 a factor of 974865?
False
Does 51 divide 20763477?
True
Does 92 divide 192566694?
False
Is 169776724 a multiple of 169?
True
Does 809 divide 18938690?
True
Is 13026367 a multiple of 29?
False
Does 138 divide 141940734?
False
Is 689155423 a multiple of 121?
False
Does 100 divide 4535619099?
False
Does 24 divide 3251014503?
False
Does 21 divide 3041188762?
False
Is 189 a factor of 2594282229?
True
Does 39 divide 50810102?
False
Is 9 a factor of 619409296?
False
Is 168162882 a multiple of 1309?
False
Does 5700 divide 70275868?
False
Does 115 divide 2409608685?
True
Does 545 divide 261081384?
False
Does 926 divide 1102057602?
True
Is 1242 a factor of 19712343?
False
Is 26 a factor of 215661245?
False
Does 84 divide 37608396?
True
Is 784772646 a multiple of 3898?
True
Does 699 divide 111233268?
True
Is 30 a factor of 36863520?
True
Does 408 divide 1838276640?
True
Is 504009264 a multiple of 1511?
False
Is 49733044 a multiple of 303?
False
Is 968 a factor of 1805151621?
False
Does 1426 divide 17520288?
False
Is 1365 a factor of 31139406?
False
Is 69341408 a multiple of 8?
True
Is 81286976 a multiple of 493?
False
Is 68279888 a multiple of 746?
True
Is 242 a factor of 694599999?
False
Is 439247597 a multiple of 222?
False
Does 13 divide 52771199?
True
Is 116511029 a multiple of 182?
False
Is 761 a factor of 37789104?
False
Is 252485549 a multiple of 14?
False
Does 368 divide 229147090?
False
Is 38 a factor of 143441400?
False
Does 62 divide 1854668?
True
Is 31 a factor of 104023259?
True
Does 2 divide 335808504?
True
Does 2 divide 26394655?
False
Does 4063 divide 662174056?
False
Is 240066522 a multiple of 42?
False
Is 163 a factor of 684294375?
True
Does 21 divide 15627656?
False
Is 194 a factor of 3340174471?
False
Is 1948281612 a multiple of 16?
False
Does 5 divide 4794455?
True
Is 130 a factor of 676950009?
False
Does 130 divide 818824890?
True
Does 54 divide 13297446?
True
Is 7981972 a multiple of 5?
False
Is 105894487 a multiple of 2?
False
Is 27 a factor of 8366012?
False
Does 278 divide 1972169880?
False
Is 55400336 a multiple of 8?
True
Is 41177545 a multiple of 415?
True
Is 9047772 a multiple of 6?
True
Does 209 divide 37893649?
False
Is 265676240 a multiple of 2216?
True
Is 986 a factor of 197179524?
False
Is 2186 a factor of 183844457?
False
Is 95516580 a multiple of 62?
True
Is 313521998 a multiple of 2519?
False
Is 450406235 a multiple of 91?
False
Is 471915282 a multiple of 20?
False
Is 121 a factor of 6468974?
False
Is 30 a factor of 20817208?
False
Is 246632778 a multiple of 686?
True
Does 406 divide 356335238?
True
Does 365 divide 51882195?
True
Does 4813 divide 24707098?
False
Is 2654 a factor of 228742952?
True
Is 19394056 a multiple of 251?
False
Is 12516639 a multiple of 1621?
False
Does 1706 divide 182436228?
True
Is 50299424 a multiple of 224?
True
Is 280876584 a multiple of 25?
False
Does 89 divide 79094986?
False
Is 410 a factor of 17819830?
True
Is 1348244 a multiple of 8?
False
Does 892 divide 473332089?
False
Is 8639010 a multiple of 114?
False
Is 17299860 a multiple of 31?
True
Does 58 divide 227385901?
False
Does 403 divide 55342136?
False
Does 26 divide 43525742?
True
Is 189623726 a multiple of 679?
False
Does 18 divide 550799838?
True
Is 25 a factor of 956676895?
False
Is 338829680 a multiple of 29?
False
Does 1921 divide 348409849?
True
Does 31 divide 862561936?
False
Is 96308562 a multiple of 903?
True
Is 96249506 a multiple of 406?
False
Is 537 a factor of 211182139?
False
Is 128141541 a multiple of 33?
True
Is 5075816 a multiple of 2?
True
Does 19 divide 214818498?
False
Does 12 divide 80606193?
False
Does 16 divide 18263814?
False
Does 3 divide 2829010?
False
Is 58 a factor of 24749774?
False
Is 2 a factor of 61431736?
True
Is 10443 a factor of 900896724?
True
Is 310 a factor of 338014224?
False
Is 493664528 a multiple of 52?
False
Is 214 a factor of 68339495?
False
Does 35 divide 83570258?
False
Is 8416234 a multiple of 197?
True
Is 567 a factor of 743871573?
False
Is 57 a factor of 248602?
False
Is 182523035 a multiple of 107?
False
Is 204404571 a multiple of 278?
False
Is 103 a factor of 26819037?
True
Is 5434 a factor of 829761570?
False
Is 7271970 even?
True
Is 1794525278 a multiple of 406?
True
Is 5972 a factor of 1006323804?
True
Is 21 a factor of 31723738?
False
Does 9 divide 412073928?
True
Is 96641650 a multiple of 497?
True
Is 84 a factor of 31580052?
True
Does 125 divide 133587875?
True
Is 1567 a factor of 5517407?
True
Is 56 a factor of 135352224?
True
Is 74559524 a multiple of 417?
False
Does 7 divide 38213351?
False
Is 78 a factor of 4234920?
False
Is 842324352 a multiple of 48?
True
Is 359956016 a multiple of 14?
True
Is 4233724 even?
True
Does 11 divide 333833049?
True
Is 413414690 a multiple of 370?
True
Is 8877627 a multiple of 4631?
True
Is 5832 a factor of 259542943?
False
Does 2 divide 2189739?
False
Is 24815271 even?
False
Is 163819 a multiple of 8?
False
Is 181313959 a multiple of 23?
False
Is 1369589769 a multiple of 769?
True
Is 809957306 a multiple of 6117?
False
Does 2670 divide 125751660?
True
Is 74062562 a multiple of 11?
False
Is 11940220 a multiple of 884?
False
Is 245483772 a multiple of 958?
False
Does 115 divide 51701930?
True
Does 1729 divide 51712055?
False
Is 17581236 a multiple of 3524?
True
Is 806586050 a multiple of 118?
True
Is 256 a factor of 243395616?
False
Does 18 divide 1168268013?
False
Is 342799073 a multiple of 40?
False
Does 122 divide 520750412?
True
Does 12 divide 512246234?
False
Is 2599 a factor of 212564413?
True
Does 209 divide 57011856?
True
Is 23 a factor of 19626125?
False
Does 26 divide 76252358?
True
Is 31526772 a multiple of 40?
False
Is 6905102 a multiple of 6?
False
Does 479 divide 37046461?
False
Is 8973672 a multiple of 21?
False
Does